{"id":21,"date":"2020-09-01T14:09:15","date_gmt":"2020-09-01T12:09:15","guid":{"rendered":"https:\/\/www.autobusova-doprava.com\/?page_id=21"},"modified":"2020-09-19T17:27:35","modified_gmt":"2020-09-19T15:27:35","slug":"fotky-z-cest","status":"publish","type":"page","link":"https:\/\/www.autobusova-doprava.com\/?page_id=21","title":{"rendered":"Fotky z cest"},"content":{"rendered":"<p><div class=\"galerie-item\"><div class=\"left\"><p>Zasn\u011b\u017een\u00fd autobus ve st\u0159edisku <strong>Flaine<\/strong>, <strong>Francie<\/strong>.<\/p><\/div><div class=\"right\"><p><img loading=\"lazy\" decoding=\"async\"  src=\"https:\/\/www.autobusova-doprava.com\/wp-content\/uploads\/2020\/09\/small-01.jpg\" alt=\"\" width=\"239\" height=\"161\" \/><\/p><\/div><\/div><br \/>\n<div class=\"galerie-item\"><div class=\"left\"><p><img loading=\"lazy\" decoding=\"async\"  src=\"https:\/\/www.autobusova-doprava.com\/wp-content\/uploads\/2020\/09\/small-02-1.jpg\" alt=\"\" width=\"238\" height=\"162\" \/><\/p><\/div><div class=\"right\"><p><strong>Francie<\/strong>, <strong>Val Thorens<\/strong>, 2000.<\/p><\/div><\/div><br \/>\n<div class=\"galerie-item\"><div class=\"left\"><p><strong>Francie<\/strong>, V\u00fdjezd do sedla <strong>Col du Galibier<\/strong> 2645 m n. m. Nejvy\u0161\u0161\u00ed m\u00edsto kam n\u00e1\u0161 v\u016fz vyjel.<\/p><\/div><div class=\"right\"><p><img loading=\"lazy\" decoding=\"async\" src=\"https:\/\/www.autobusova-doprava.com\/wp-content\/uploads\/2020\/09\/small-03-1.jpg\" alt=\"\" width=\"239\" height=\"161\" \/><\/p><\/div><\/div><br \/>\n<div class=\"galerie-item\"><div class=\"left\"><p><img loading=\"lazy\" decoding=\"async\" src=\"https:\/\/www.autobusova-doprava.com\/wp-content\/uploads\/2020\/09\/small-04.jpg\" alt=\"\" width=\"239\" height=\"160\" \/><\/p><\/div><div class=\"right\"><p><strong>Norsko<\/strong>, 1998.<\/p><\/div><\/div><\/p>\n<p><div class=\"galerie-item\"><div class=\"left\"><p>Z\u00e1jezd <strong>Ukrajina<\/strong> 1998.<br \/>\nN\u00e1\u0161 v\u016fz byl oproti m\u00edstn\u00edm dopravn\u00edm prost\u0159edk\u016fm velmi modern\u00ed.<\/p><\/div><div class=\"right\"><p><img loading=\"lazy\" decoding=\"async\" src=\"https:\/\/www.autobusova-doprava.com\/wp-content\/uploads\/2020\/09\/small-05-1.jpg\" alt=\"\" width=\"238\" height=\"161\" \/><\/p><\/div><\/div><br \/>\n<div class=\"galerie-item\"><div class=\"left\"><p><img loading=\"lazy\" decoding=\"async\" src=\"https:\/\/www.autobusova-doprava.com\/wp-content\/uploads\/2020\/09\/small-06.jpg\" alt=\"\" width=\"240\" height=\"162\" \/><\/p><\/div><div class=\"right\"><p><\/p>\n<p>Kamenec v Orlick\u00fdch hor\u00e1ch. Ani siln\u00e9 sn\u011b\u017een\u00ed nezabr\u00e1nilo v\u00fdjezdu autobusu.<\/p><\/div><\/div><\/p>\n<p><div class=\"galerie-item\"><div class=\"left\"><p><strong>Vod\u00e1ck\u00fd z\u00e1jezd na Moravu<\/strong> - l\u00e9to 2001.<\/p><\/div><div class=\"right\"><p><img loading=\"lazy\" decoding=\"async\" src=\"https:\/\/www.autobusova-doprava.com\/wp-content\/uploads\/2020\/09\/small-07-1.jpg\" alt=\"\" width=\"240\" height=\"162\" \/><\/p><\/div><\/div><br \/>\n<div class=\"galerie-item\"><div class=\"left\"><p><img loading=\"lazy\" decoding=\"async\" src=\"https:\/\/www.autobusova-doprava.com\/wp-content\/uploads\/2020\/09\/small-08-1.jpg\" alt=\"\" width=\"238\" height=\"161\" \/><\/p><\/div><div class=\"right\"><p><strong>Autobus \u0160KODA 706 RTO Lux<\/strong> v pra\u017esk\u00e9m provozu - \u0159\u00edjen 2003.<\/p><\/div><\/div><\/p>\n<p><div class=\"galerie-item\"><div class=\"left\"><p><strong>Island<\/strong> Mikrobusem - l\u00e9to 2002.<\/p><\/div><div class=\"right\"><p><img loading=\"lazy\" decoding=\"async\" src=\"https:\/\/www.autobusova-doprava.com\/wp-content\/uploads\/2020\/09\/small-09-1.jpg\" alt=\"\" width=\"238\" height=\"160\" \/><\/p><\/div><\/div><br \/>\n<div class=\"galerie-item\"><div class=\"left\"><p><img loading=\"lazy\" decoding=\"async\" src=\"https:\/\/www.autobusova-doprava.com\/wp-content\/uploads\/2020\/09\/small-10-1.jpg\" alt=\"\" width=\"160\" height=\"237\" \/><\/p><\/div><div class=\"right\"><p>A v roce 2004 jsme se na <strong>Island<\/strong> vypravili i autobusem.<\/p><\/div><\/div><\/p>\n","protected":false},"excerpt":{"rendered":"","protected":false},"author":1,"featured_media":0,"parent":0,"menu_order":0,"comment_status":"closed","ping_status":"closed","template":"","meta":{"_exactmetrics_skip_tracking":false,"_exactmetrics_sitenote_active":false,"_exactmetrics_sitenote_note":"","_exactmetrics_sitenote_category":0,"footnotes":""},"class_list":["post-21","page","type-page","status-publish","hentry"],"_links":{"self":[{"href":"https:\/\/www.autobusova-doprava.com\/index.php?rest_route=\/wp\/v2\/pages\/21","targetHints":{"allow":["GET"]}}],"collection":[{"href":"https:\/\/www.autobusova-doprava.com\/index.php?rest_route=\/wp\/v2\/pages"}],"about":[{"href":"https:\/\/www.autobusova-doprava.com\/index.php?rest_route=\/wp\/v2\/types\/page"}],"author":[{"embeddable":true,"href":"https:\/\/www.autobusova-doprava.com\/index.php?rest_route=\/wp\/v2\/users\/1"}],"replies":[{"embeddable":true,"href":"https:\/\/www.autobusova-doprava.com\/index.php?rest_route=%2Fwp%2Fv2%2Fcomments&post=21"}],"version-history":[{"count":9,"href":"https:\/\/www.autobusova-doprava.com\/index.php?rest_route=\/wp\/v2\/pages\/21\/revisions"}],"predecessor-version":[{"id":144,"href":"https:\/\/www.autobusova-doprava.com\/index.php?rest_route=\/wp\/v2\/pages\/21\/revisions\/144"}],"wp:attachment":[{"href":"https:\/\/www.autobusova-doprava.com\/index.php?rest_route=%2Fwp%2Fv2%2Fmedia&parent=21"}],"curies":[{"name":"wp","href":"https:\/\/api.w.org\/{rel}","templated":true}]}}

<p><div class="galerie-item"><div class="left"><p>Zasněžený autobus ve středisku <strong>Flaine</strong>, <strong>Francie</strong>.</p></div><div class="right"><p><img loading="lazy" decoding="async"  src="https://www.autobusova-doprava.com/wp-content/uploads/2020/09/small-01.jpg" alt="" width="239" height="161" /></p></div></div><br />
<div class="galerie-item"><div class="left"><p><img loading="lazy" decoding="async"  src="https://www.autobusova-doprava.com/wp-content/uploads/2020/09/small-02-1.jpg" alt="" width="238" height="162" /></p></div><div class="right"><p><strong>Francie</strong>, <strong>Val Thorens</strong>, 2000.</p></div></div><br />
<div class="galerie-item"><div class="left"><p><strong>Francie</strong>, Výjezd do sedla <strong>Col du Galibier</strong> 2645 m n. m. Nejvyšší místo kam náš vůz vyjel.</p></div><div class="right"><p><img loading="lazy" decoding="async" src="https://www.autobusova-doprava.com/wp-content/uploads/2020/09/small-03-1.jpg" alt="" width="239" height="161" /></p></div></div><br />
<div class="galerie-item"><div class="left"><p><img loading="lazy" decoding="async" src="https://www.autobusova-doprava.com/wp-content/uploads/2020/09/small-04.jpg" alt="" width="239" height="160" /></p></div><div class="right"><p><strong>Norsko</strong>, 1998.</p></div></div></p>
<p><div class="galerie-item"><div class="left"><p>Zájezd <strong>Ukrajina</strong> 1998.<br />
Náš vůz byl oproti místním dopravním prostředkům velmi moderní.</p></div><div class="right"><p><img loading="lazy" decoding="async" src="https://www.autobusova-doprava.com/wp-content/uploads/2020/09/small-05-1.jpg" alt="" width="238" height="161" /></p></div></div><br />
<div class="galerie-item"><div class="left"><p><img loading="lazy" decoding="async" src="https://www.autobusova-doprava.com/wp-content/uploads/2020/09/small-06.jpg" alt="" width="240" height="162" /></p></div><div class="right"><p></p>
<p>Kamenec v Orlických horách. Ani silné sněžení nezabránilo výjezdu autobusu.</p></div></div></p>
<p><div class="galerie-item"><div class="left"><p><strong>Vodácký zájezd na Moravu</strong> - léto 2001.</p></div><div class="right"><p><img loading="lazy" decoding="async" src="https://www.autobusova-doprava.com/wp-content/uploads/2020/09/small-07-1.jpg" alt="" width="240" height="162" /></p></div></div><br />
<div class="galerie-item"><div class="left"><p><img loading="lazy" decoding="async" src="https://www.autobusova-doprava.com/wp-content/uploads/2020/09/small-08-1.jpg" alt="" width="238" height="161" /></p></div><div class="right"><p><strong>Autobus ŠKODA 706 RTO Lux</strong> v pražském provozu - říjen 2003.</p></div></div></p>
<p><div class="galerie-item"><div class="left"><p><strong>Island</strong> Mikrobusem - léto 2002.</p></div><div class="right"><p><img loading="lazy" decoding="async" src="https://www.autobusova-doprava.com/wp-content/uploads/2020/09/small-09-1.jpg" alt="" width="238" height="160" /></p></div></div><br />
<div class="galerie-item"><div class="left"><p><img loading="lazy" decoding="async" src="https://www.autobusova-doprava.com/wp-content/uploads/2020/09/small-10-1.jpg" alt="" width="160" height="237" /></p></div><div class="right"><p>A v roce 2004 jsme se na <strong>Island</strong> vypravili i autobusem.</p></div></div></p>
